 + 1. Determine t(-2).
-103
Let t(a) = 66*a - 4898. Calculate t(74).
-14
Let m(y) = y**3 + 6*y**2 - 8*y + 1. Give m(-5).
66
Let j(x) = -75*x - 51. Give j(0).
-51
Let t(p) = p**2 - 61*p + 1122. What is t(21)?
282
Let x(z) = -28*z**2 + 24*z + 18. Give x(2).
-46
Let z(p) = -8*p - 522. Determine z(-55).
-82
Let w(y) = y**3 - 31*y**2 - 31*y - 111. What is w(32)?
-79
Let x(a) = -725*a - 7217. Determine x(-10).
33
Let s(u) = -7*u**2 + 531*u + 1215. Give s(78).
45
Let v(c) = -112*c + 3371. Give v(30).
11
Let f(b) = 2*b**2 + 4*b - 79. What is f(7)?
47
Let b(d) = -232*d - 506. What is b(-2)?
-42
Let u(h) = 7511*h - 75111. What is u(10)?
-1
Let a(s) = 3*s**2 - 162*s + 915. Calculate a(6).
51
Let h(w) = 1204*w - 43344. Calculate h(36).
0
Let u(m) = -825*m + 3301. Determine u(4).
1
Let g(x) = -50*x**2 + 32*x + 2. Calculate g(1).
-16
Let k(c) = 3*c**2 + 119*c + 323. Calculate k(-3).
-7
Let c(x) = -19*x**2 - 984*x - 772. What is c(-51)?
-7
Let r(a) = -4*a**3 + 106*a**2 - 52*a + 38. Give r(26).
38
Let f(p) = -54*p - 1493. Give f(-28).
19
Let p(m) = 114*m + 726. Calculate p(-6).
42
Let n(r) = -42*r - 635. Give n(-16).
37
Let a(g) = -8*g**2 - 100*g + 1548. Give a(9).
0
Let t(w) = 48*w - 562. What is t(9)?
-130
Let y(l) = 4*l**2 + 130*l - 71. What is y(-33)?
-5
Let u(m) = m**3 + 135*m - 420. Calculate u(3).
12
Let r(z) = -3*z**2 + 38*z + 7. Calculate r(10).
87
Let g(k) = k**2 + 521*k + 34920. Calculate g(-79).
2
Let c(q) = -2*q**3 - 25*q**2 + 70*q + 742. Determine c(-13).
1
Let g(a) = -a**2 - 59*a + 120. What is g(-61)?
-2
Let l(o) = -o**2 + 39*o + 206. Determine l(44).
-14
Let x(j) = -41*j**2 - 7953*j + 189. What is x(-194)?
-5
Let p(b) = b**3 - 57*b**2 - 57*b - 53. What is p(58)?
5
Let c(v) = 7*v**2 - 508*v - 179. Give c(73).
40
Let q(z) = -z**2 + 49*z - 460. Calculate q(27).
134
Let i(j) = -13*j + 321. What is i(33)?
-108
Let n(t) = t**3 - 11*t**2 - 12*t - 58. What is n(12)?
-58
Let k(r) = r**3 + 22*r**2 - 1104*r - 1. Give k(24).
-1
Let l(x) = -3*x**2 + 21*x + 469. Determine l(-9).
37
Let l(c) = -6*c**2 - 25*c + 26. Determine l(6).
-340
Let v(y) = 27*y - 1127. Calculate v(41).
-20
Let y(q) = -9*q**2 + 51*q + 6. Give y(6).
-12
Let i(d) = -2*d**3 + 21*d**2 - 12*d - 88. Give i(9).
47
Let t(c) = 33*c**2 - 19*c - 22. Give t(-4).
582
Let n(k) = 8*k**2 + 596*k - 310. Determine n(-75).
-10
Let a(s) = -s**2 - 43*s - 352. What is a(-27)?
80
Let j(h) = -389*h + 290. Determine j(1).
-99
Let b(l) = -475*l - 957. Calculate b(-2).
-7
Let r(x) = -x**3 - 11*x**2 - 27*x + 11. What is r(-9)?
92
Let r(x) = 40*x - 958. Calculate r(24).
2
Let u(f) = -3*f**2 - 171*f + 145. What is u(-58)?
-29
Let v(u) = 2*u**3 + 54*u**2 - 113*u + 94. Determine v(-29).
7
Let h(r) = 3*r + 137. Give h(5).
152
Let d(g) = g**3 - 9*g**2 - 30*g - 57. Calculate d(12).
15
Let l(a) = a**3 - 29*a**2 - 59*a - 96. Calculate l(31).
-3
Let d(x) = 2*x - 266. Give d(-14).
-294
Let i(c) = 2*c**2 + 15*c - 54. Determine i(3).
9
Let a(w) = 49*w**2 - 8*w + 6. Give a(2).
186
Let s(h) = 2*h**2 - 75*h + 633. Determine s(25).
8
Let j(v) = -v**3 - 50*v**2 + 420*v + 1225. What is j(-57)?
28
Let a(t) = t**3 + 7*t**2 + 14*t - 24. Calculate a(-8).
-200
Let j(x) = -43*x**2 + 5*x - 13. Give j(2).
-175
Let r(x) = 3*x - 189. Calculate r(67).
12
Let j(d) = -8*d - 21. Determine j(-3).
3
Let w(o) = o**2 - 20*o - 22. Give w(23).
47
Let s(j) = -j**3 - 17*j**2 + 10*j - 30. What is s(-19)?
502
Let k(x) = -2*x**3 + 71*x**2 - 28*x + 50. What is k(35)?
295
Let u(z) = -171*z**2 + 94*z - 94. What is u(1)?
-171
Let k(m) = -683*m - 4115. What is k(-6)?
-17
Let z(m) = -53*m - 70. Calculate z(-2).
36
Let q(n) = 3438*n - 134088. Give q(39).
-6
Let w(d) = -d**3 + 11*d**2 + 13*d - 29. Determine w(7).
258
Let x(w) = -w**2 - 303*w - 9602. Determine x(-267).
10
Let x(j) = 3*j**3 + 135*j**2 - j - 52. Give x(-45).
-7
Let i(j) = -j**2 + 27*j - 230. Give i(14).
-48
Let b(o) = o + 7. Determine b(-25).
-18
Let s(m) = 11*m**3 - 235*m**2 + 297*m + 16. Determine s(20).
-44
Let v(i) = -6*i**3 + i**2 + 216*i + 215. What is v(-1)?
6
Let z(a) = -2302*a + 80578. What is z(35)?
8
Let i(w) = -2*w**2 + 37*w + 17. What is i(19)?
-2
Let z(i) = -i**2 - 16*i + 190. What is z(-27)?
-107
Let k(w) = -w**3 - 9*w**2 - 20*w - 18. Determine k(-4).
-18
Let c(d) = 1801*d - 1795. Calculate c(1).
6
Let w(p) = 6306*p - 6306. Give w(1).
0
Let s(t) = t**3 + 5*t**2 - 28*t - 17. What is s(-9)?
-89
Let p(c) = c**2 - 3*c - 10. Calculate p(-6).
44
Let h(n) = n**3 + 14*n**2 - 53*n - 35. Determine h(-17).
-1
Let r(p) = p**2 + 6*p + 24. Give r(-4).
16
Let v(f) = 2*f**2 - 20*f + 65. Determine v(5).
15
Let p(k) = -2054*k - 8203. Give p(-4).
13
Let a(w) = -120*w - 963. Give a(-8).
-3
Let o(y) = 6*y**3 + 3*y - 5. Calculate o(1).
4
Let u(j) = -60*j - 208. Determine u(-4).
32
Let z(y) = 451*y - 21645. What is z(48)?
3
Let v(y) = 2*y**2 + 90*y - 28. What is v(-45)?
-28
Let z(s) = 2572*s + 5137. Determine z(-2).
-7
Let x(y) = y**2 - 62*y + 439. Give x(54).
7
Let t(l) = 4*l**3 + 4*l**2 + 407*l + 818. Give t(-2).
-12
Let q(m) = m**3 + 107*m**2 - 225*m - 770. Give q(-109).
-7
Let f(j) = -8*j**2 - 123*j + 14. Give f(-16).
-66
Let y(n) = n**3 - 4*n**2 + 23*n + 12. Calculate y(5).
152
Let f(b) = -b**2 + 98*b - 887. What is f(88)?
-7
Let s(k) = 94*k - 669. What is s(7)?
-11
Let x(n) = 34*n - 4727. Calculate x(139).
-1
Let a(d) = 50*d + 1276. Determine a(-26).
-24
Let l(s) = 460*s - 916. Determine l(2).
4
Let y(p) = p**3 - 12*p**2 - 254*p + 3177. What is y(13)?
44
Let b(c) = 662*c + 3335. Give b(-5).
25
Let r(o) = -158*o - 4776. What is r(-31)?
122
Let t(q) = 293*q + 2326. What is t(-8)?
-18
Let c(f) = -5339*f + 64066. Determine c(12).
-2
Let x(q) = 3*q**3 - 20*q**2 + 149*q - 1095. Give x(7).
-3
Let r(v) = -v**2 + 25*v + 49. Calculate r(-2).
-5
Let q(h) = -h**3 + 36*h**2 + 28*h + 108. Calculate q(37).
-225
Let d(j) = j**3 + 124*j**2 + 3673*j - 136. What is d(-75)?
14
Let f(r) = -9*r**2 - 490*r - 185. Give f(-54).
31
Let x(r) = -r**3 - 28*r**2 + 10*r + 280. Calculate x(-28).
0
Let q(u) = -u**2 - 8*u + 20. Give q(-7).
27
Let z(m) = 3*m**2 - 15*m - 3. Calculate z(6).
15
Let i(o) = -9*o + 120. What is i(5)?
75
Let j(n) = -192*n - 561. Give j(-3).
15
Let l(r) = 37*r**2 + 6*r + 1. Give l(2).
161
Let z(x) = 597*x - 7753. Give z(13).
8
Let m(i) = -i**2 - 7*i - 59. Give m(10).
-229
Let g(q) = q**3 - q**2 - 20*q + 44. What is g(4)?
12
Let f(d) = d**2 + 51*d - 218. What is f(4)?
2
Let d(x) = -16*x**3 - 32*x**2 - 33*x - 67. Determine d(-2).
-1
Let i(r) = -2*r**2 + 54*r - 370. What is i(14)?
-6
Let f(j) = j**3 - 77*j**2 - 240*j - 43. Calculate f(80).
-43
Let f(n) = -n**3 + 22*n**2 - 20*n - 25. Determine f(21).
-4
Let n(b) = -442*b + 15022. Give n(34).
-6
Let d(c) = 3*c**3 + 3*c**2 - 2*c - 4. Give d(-3).
-52
Let r(l) = -l**2 - 377*l - 31233. Calculate r(-123).
9
Let f(k) = -k**2 - 403*k - 29886. Determine f(-98).
4
Let g(k) = -72*k - 13. What is g(-1)?
59
Let w(c) = -10*c + 551. Determine w(93).
-379
Let k(x) = x**2 + 28*x + 29. What is k(-25)?
-46
Let t(h) = -41*h - 116. Calculate t(5).
-321
Let m(d) = d**3 - 10*d**2 + 23*d - 29. What is m(7)?
-15
Let j(n) = -27*n**2 - 27*n + 4. What is j(-1)?
4
Let z(y) = 2472*y + 106308. Give z(-43).
12
Let i(j) = j**2 - 37*j - 86. Calculate i(50).
564
Let g(m) = -m**2 - 71*m - 401. Give g(-65).
-11
Let i(s) = -s**2 + 59*s - 213. Determine i(55).
7
Let u(y) = y**2 + 121*y - 1267. Determine u(10).
43
Let y(d) = -6*d**2 + 238*d - 379. Give y(38).
1
Let l(v) = 8*v**2 + 106*v - 152. Determine l(-13).
-178
Let r(a) = -a**3 + 40*a**2 + 5*a - 358. Calculate r(40).
-158
Let i(j) = j**3 + 7*j**2 - 52*j + 43. Calculate i(5).
83
Let j(r) = -27*r**2 - 1183*r + 200. What is j(-44)?
-20
Let h(k) = -307*k + 22. What is h(0)?
22
Let u(y) = -19762*y - 79055. What is u(-4)?
-7
Let q(f) = -f**2 + 72*f - 968. What is q(54)?
4
Let v(g) = -g**2 + 11*g + 12. What is v(-1)?
0
Let r(k) = k**3 - 19*k**2 - 15*k + 17. Give r(0).
17
Let s(q) = -q**3 - 15*q**2 + 18*q - 751. What is s(-18)?
-103
Let n(i) = -3*i**3 + 20*i**2 + 14*i + 23. Give n(7).
72
Let v(j) = -2*j**2 - 4*j - 285. Give v(0).
-285
Let y(m) = m**3 - 12*m**2 + 10*m + 2. Determine y(11).
-9
Let l(j) = 93*j + 386. Give l(-12).
-730
Let w(x) = 12*x + 44. Calculate w(-6).
-28
Let o(r) = r**3 + r**2 - 12*r + 18. Give o(3).
18
Let u(w) = -w**2 - 48*w - 554